{"id":20096,"date":"2025-09-10T13:57:12","date_gmt":"2025-09-10T18:57:12","guid":{"rendered":"https:\/\/www.toulouselautrec.edu.pe\/pregrado\/?page_id=20096"},"modified":"2026-04-09T13:40:01","modified_gmt":"2026-04-09T18:40:01","slug":"direccion-diseno-grafico-2","status":"publish","type":"page","link":"https:\/\/www.toulouselautrec.edu.pe\/pregrado\/direccion-diseno-grafico\/","title":{"rendered":"Direcci\u00f3n y Dise\u00f1o Gr\u00e1fico"},"content":{"rendered":"","protected":false},"excerpt":{"rendered":"","protected":false},"author":2,"featured_media":0,"parent":0,"menu_order":0,"comment_status":"closed","ping_status":"closed","template":"","meta":{"inline_featured_image":false,"footnotes":""},"class_list":["post-20096","page","type-page","status-publish","hentry"],"yoast_head":"<!-- This site is optimized with the Yoast SEO plugin v27.1.1 - https:\/\/yoast.com\/product\/yoast-seo-wordpress\/ -->\n<title>Dise\u00f1o Gr\u00e1fico Carrera: Grado de Bachiller en Toulouse Lautrec<\/title>\n<meta name=\"description\" content=\"Estudia la carrera de Dise\u00f1o Gr\u00e1fico en Toulouse Lautrec. Obt\u00e9n el Grado de Bachiller equivalente al universitario, domina la IA y lidera marcas reales.\" \/>\n<meta name=\"robots\" content=\"noindex, nofollow\" \/>\n<meta property=\"og:locale\" content=\"en_US\" \/>\n<meta property=\"og:type\" content=\"article\" \/>\n<meta property=\"og:title\" content=\"Dise\u00f1o Gr\u00e1fico Carrera: Grado de Bachiller en Toulouse Lautrec\" \/>\n<meta property=\"og:description\" content=\"Estudia la carrera de Dise\u00f1o Gr\u00e1fico en Toulouse Lautrec. Obt\u00e9n el Grado de Bachiller equivalente al universitario, domina la IA y lidera marcas reales.\" \/>\n<meta property=\"og:url\" content=\"https:\/\/www.toulouselautrec.edu.pe\/pregrado\/direccion-diseno-grafico\/\" \/>\n<meta property=\"og:site_name\" content=\"Toulouse Lautrec\" \/>\n<meta property=\"article:publisher\" content=\"https:\/\/www.facebook.com\/ToulouseLautrecPeru\" \/>\n<meta property=\"article:modified_time\" content=\"2026-04-09T18:40:01+00:00\" \/>\n<meta name=\"twitter:card\" content=\"summary_large_image\" \/>\n<meta name=\"twitter:site\" content=\"@Toulouse_Peru\" \/>\n<meta name=\"twitter:label1\" content=\"Est. reading time\" \/>\n\t<meta name=\"twitter:data1\" content=\"11 minutes\" \/>\n<script type=\"application\/ld+json\" class=\"yoast-schema-graph\">{\"@context\":\"https:\/\/schema.org\",\"@graph\":[{\"@type\":\"WebPage\",\"@id\":\"https:\/\/www.toulouselautrec.edu.pe\/pregrado\/direccion-diseno-grafico\/\",\"url\":\"https:\/\/www.toulouselautrec.edu.pe\/pregrado\/direccion-diseno-grafico\/\",\"name\":\"Dise\u00f1o Gr\u00e1fico Carrera: Grado de Bachiller en Toulouse Lautrec\",\"isPartOf\":{\"@id\":\"https:\/\/www.toulouselautrec.edu.pe\/pregrado\/#website\"},\"datePublished\":\"2025-09-10T18:57:12+00:00\",\"dateModified\":\"2026-04-09T18:40:01+00:00\",\"description\":\"Estudia la carrera de Dise\u00f1o Gr\u00e1fico en Toulouse Lautrec. Obt\u00e9n el Grado de Bachiller equivalente al universitario, domina la IA y lidera marcas reales.\",\"breadcrumb\":{\"@id\":\"https:\/\/www.toulouselautrec.edu.pe\/pregrado\/direccion-diseno-grafico\/#breadcrumb\"},\"inLanguage\":\"en-US\",\"potentialAction\":[{\"@type\":\"ReadAction\",\"target\":[\"https:\/\/www.toulouselautrec.edu.pe\/pregrado\/direccion-diseno-grafico\/\"]}]},{\"@type\":\"BreadcrumbList\",\"@id\":\"https:\/\/www.toulouselautrec.edu.pe\/pregrado\/direccion-diseno-grafico\/#breadcrumb\",\"itemListElement\":[{\"@type\":\"ListItem\",\"position\":1,\"name\":\"Home\",\"item\":\"https:\/\/www.toulouselautrec.edu.pe\/pregrado\/\"},{\"@type\":\"ListItem\",\"position\":2,\"name\":\"Direcci\u00f3n y Dise\u00f1o Gr\u00e1fico\"}]},{\"@type\":\"WebSite\",\"@id\":\"https:\/\/www.toulouselautrec.edu.pe\/pregrado\/#website\",\"url\":\"https:\/\/www.toulouselautrec.edu.pe\/pregrado\/\",\"name\":\"Escuela Toulouse Lautrec\",\"description\":\"\",\"publisher\":{\"@id\":\"https:\/\/www.toulouselautrec.edu.pe\/pregrado\/#organization\"},\"potentialAction\":[{\"@type\":\"SearchAction\",\"target\":{\"@type\":\"EntryPoint\",\"urlTemplate\":\"https:\/\/www.toulouselautrec.edu.pe\/pregrado\/?s={search_term_string}\"},\"query-input\":{\"@type\":\"PropertyValueSpecification\",\"valueRequired\":true,\"valueName\":\"search_term_string\"}}],\"inLanguage\":\"en-US\"},{\"@type\":\"Organization\",\"@id\":\"https:\/\/www.toulouselautrec.edu.pe\/pregrado\/#organization\",\"name\":\"Escuela Toulouse Lautrec\",\"url\":\"https:\/\/www.toulouselautrec.edu.pe\/pregrado\/\",\"logo\":{\"@type\":\"ImageObject\",\"inLanguage\":\"en-US\",\"@id\":\"https:\/\/www.toulouselautrec.edu.pe\/pregrado\/#\/schema\/logo\/image\/\",\"url\":\"https:\/\/www.toulouselautrec.edu.pe\/pregrado\/wp-content\/uploads\/logo-tls.svg\",\"contentUrl\":\"https:\/\/www.toulouselautrec.edu.pe\/pregrado\/wp-content\/uploads\/logo-tls.svg\",\"width\":180,\"height\":133,\"caption\":\"Escuela Toulouse Lautrec\"},\"image\":{\"@id\":\"https:\/\/www.toulouselautrec.edu.pe\/pregrado\/#\/schema\/logo\/image\/\"},\"sameAs\":[\"https:\/\/www.facebook.com\/ToulouseLautrecPeru\",\"https:\/\/x.com\/Toulouse_Peru\",\"https:\/\/www.youtube.com\/user\/CanalToulouseLautrec\",\"https:\/\/www.instagram.com\/toulouselautrecperu\/\",\"https:\/\/www.tiktok.com\/@toulouselautrec_peru\"]}]}<\/script>\n<!-- \/ Yoast SEO plugin. -->","yoast_head_json":{"title":"Dise\u00f1o Gr\u00e1fico Carrera: Grado de Bachiller en Toulouse Lautrec","description":"Estudia la carrera de Dise\u00f1o Gr\u00e1fico en Toulouse Lautrec. Obt\u00e9n el Grado de Bachiller equivalente al universitario, domina la IA y lidera marcas reales.","robots":{"index":"noindex","follow":"nofollow"},"og_locale":"en_US","og_type":"article","og_title":"Dise\u00f1o Gr\u00e1fico Carrera: Grado de Bachiller en Toulouse Lautrec","og_description":"Estudia la carrera de Dise\u00f1o Gr\u00e1fico en Toulouse Lautrec. Obt\u00e9n el Grado de Bachiller equivalente al universitario, domina la IA y lidera marcas reales.","og_url":"https:\/\/www.toulouselautrec.edu.pe\/pregrado\/direccion-diseno-grafico\/","og_site_name":"Toulouse Lautrec","article_publisher":"https:\/\/www.facebook.com\/ToulouseLautrecPeru","article_modified_time":"2026-04-09T18:40:01+00:00","twitter_card":"summary_large_image","twitter_site":"@Toulouse_Peru","twitter_misc":{"Est. reading time":"11 minutes"},"schema":{"@context":"https:\/\/schema.org","@graph":[{"@type":"WebPage","@id":"https:\/\/www.toulouselautrec.edu.pe\/pregrado\/direccion-diseno-grafico\/","url":"https:\/\/www.toulouselautrec.edu.pe\/pregrado\/direccion-diseno-grafico\/","name":"Dise\u00f1o Gr\u00e1fico Carrera: Grado de Bachiller en Toulouse Lautrec","isPartOf":{"@id":"https:\/\/www.toulouselautrec.edu.pe\/pregrado\/#website"},"datePublished":"2025-09-10T18:57:12+00:00","dateModified":"2026-04-09T18:40:01+00:00","description":"Estudia la carrera de Dise\u00f1o Gr\u00e1fico en Toulouse Lautrec. Obt\u00e9n el Grado de Bachiller equivalente al universitario, domina la IA y lidera marcas reales.","breadcrumb":{"@id":"https:\/\/www.toulouselautrec.edu.pe\/pregrado\/direccion-diseno-grafico\/#breadcrumb"},"inLanguage":"en-US","potentialAction":[{"@type":"ReadAction","target":["https:\/\/www.toulouselautrec.edu.pe\/pregrado\/direccion-diseno-grafico\/"]}]},{"@type":"BreadcrumbList","@id":"https:\/\/www.toulouselautrec.edu.pe\/pregrado\/direccion-diseno-grafico\/#breadcrumb","itemListElement":[{"@type":"ListItem","position":1,"name":"Home","item":"https:\/\/www.toulouselautrec.edu.pe\/pregrado\/"},{"@type":"ListItem","position":2,"name":"Direcci\u00f3n y Dise\u00f1o Gr\u00e1fico"}]},{"@type":"WebSite","@id":"https:\/\/www.toulouselautrec.edu.pe\/pregrado\/#website","url":"https:\/\/www.toulouselautrec.edu.pe\/pregrado\/","name":"Escuela Toulouse Lautrec","description":"","publisher":{"@id":"https:\/\/www.toulouselautrec.edu.pe\/pregrado\/#organization"},"potentialAction":[{"@type":"SearchAction","target":{"@type":"EntryPoint","urlTemplate":"https:\/\/www.toulouselautrec.edu.pe\/pregrado\/?s={search_term_string}"},"query-input":{"@type":"PropertyValueSpecification","valueRequired":true,"valueName":"search_term_string"}}],"inLanguage":"en-US"},{"@type":"Organization","@id":"https:\/\/www.toulouselautrec.edu.pe\/pregrado\/#organization","name":"Escuela Toulouse Lautrec","url":"https:\/\/www.toulouselautrec.edu.pe\/pregrado\/","logo":{"@type":"ImageObject","inLanguage":"en-US","@id":"https:\/\/www.toulouselautrec.edu.pe\/pregrado\/#\/schema\/logo\/image\/","url":"https:\/\/www.toulouselautrec.edu.pe\/pregrado\/wp-content\/uploads\/logo-tls.svg","contentUrl":"https:\/\/www.toulouselautrec.edu.pe\/pregrado\/wp-content\/uploads\/logo-tls.svg","width":180,"height":133,"caption":"Escuela Toulouse Lautrec"},"image":{"@id":"https:\/\/www.toulouselautrec.edu.pe\/pregrado\/#\/schema\/logo\/image\/"},"sameAs":["https:\/\/www.facebook.com\/ToulouseLautrecPeru","https:\/\/x.com\/Toulouse_Peru","https:\/\/www.youtube.com\/user\/CanalToulouseLautrec","https:\/\/www.instagram.com\/toulouselautrecperu\/","https:\/\/www.tiktok.com\/@toulouselautrec_peru"]}]}},"_links":{"self":[{"href":"https:\/\/www.toulouselautrec.edu.pe\/pregrado\/wp-json\/wp\/v2\/pages\/20096","targetHints":{"allow":["GET"]}}],"collection":[{"href":"https:\/\/www.toulouselautrec.edu.pe\/pregrado\/wp-json\/wp\/v2\/pages"}],"about":[{"href":"https:\/\/www.toulouselautrec.edu.pe\/pregrado\/wp-json\/wp\/v2\/types\/page"}],"author":[{"embeddable":true,"href":"https:\/\/www.toulouselautrec.edu.pe\/pregrado\/wp-json\/wp\/v2\/users\/2"}],"replies":[{"embeddable":true,"href":"https:\/\/www.toulouselautrec.edu.pe\/pregrado\/wp-json\/wp\/v2\/comments?post=20096"}],"version-history":[{"count":3,"href":"https:\/\/www.toulouselautrec.edu.pe\/pregrado\/wp-json\/wp\/v2\/pages\/20096\/revisions"}],"predecessor-version":[{"id":25545,"href":"https:\/\/www.toulouselautrec.edu.pe\/pregrado\/wp-json\/wp\/v2\/pages\/20096\/revisions\/25545"}],"wp:attachment":[{"href":"https:\/\/www.toulouselautrec.edu.pe\/pregrado\/wp-json\/wp\/v2\/media?parent=20096"}],"curies":[{"name":"wp","href":"https:\/\/api.w.org\/{rel}","templated":true}]}}